-5)/(-15). Calculate the highest common factor of m and r.
3
Let c be ((-8)/(-14))/(-6 - (-1856)/308). Calculate the highest common factor of 55 and c.
11
Suppose 0 = -13*z - 8 + 515. What is the highest common divisor of 195 and z?
39
Suppose 2*g + 0*g = 5*k - 31, 4*k = 3*g + 29. Let u = 26 - 24. Calculate the highest common divisor of k and u.
1
Let a = -4 + 38. What is the highest common factor of a and 272?
34
Let a = -229 + 565. What is the highest common divisor of a and 126?
42
Suppose 3*q + 11 = -2*g - 6, 3 = -q - 2*g. Let t be (-101)/(-5) - q/(-35). What is the greatest common factor of t and 8?
4
Suppose 5*n - 2*s = 1065, -2*n - 4*s = -7*n + 1065. What is the highest common divisor of 568 and n?
71
Let c be (-3 - 0)/(-6)*-30. Let d = 17 + c. Suppose -d*b = 2*b - 4. What is the greatest common divisor of 2 and b?
1
Suppose 503 = 4*f - 5*j, 4*f = -2*j - 184 + 722. What is the greatest common factor of f and 96?
12
Let s be 2*-4 + -8 + 11. Let v(a) = -14*a + 5. Let n be v(s). Let x = n + -42. What is the greatest common divisor of 11 and x?
11
Let u(c) = 127*c**3 - 3*c**2 + 2. Let d be u(1). Calculate the greatest common factor of d and 189.
63
Let d = -180 - -210. What is the greatest common factor of d and 240?
30
Suppose -x - 12 = -2*x. Let c = 56 - x. Calculate the highest common divisor of 11 and c.
11
Let v = -68 + 47. Let o = -6 + 1. Let r = o - v. What is the highest common factor of 16 and r?
16
Let n(t) = 3*t + 3. Let m be n(8). Suppose 44 = -4*c - 0*c. Let d = c + m. What is the highest common divisor of d and 2?
2
Suppose -370*c + 364*c + 54 = 0. What is the highest common factor of 81 and c?
9
Suppose -5*s - 2*z = -2*s - 7, 4*z = -16. Suppose -q + s*t + 1 = 0, -t - 23 = 6*q - 10*q. What is the highest common factor of q and 66?
6
Let w(l) = -l**3 - 30*l**2 - 28*l + 43. Let j be w(-29). Suppose 3*r - 10 = j. What is the highest common factor of 72 and r?
8
Let p = -324 + 349. Calculate the greatest common factor of p and 5.
5
Let s = 232 + -218. Calculate the greatest common factor of 434 and s.
14
Let y(j) = j**2 + 25*j - 435. Let w be y(16). What is the highest common divisor of w and 26?
13
Let a(t) = t**2 - 8*t + 11. Let w be a(7). Suppose -4*v = w*u - 720, -4*u = v - 6*v + 864. What is the highest common factor of v and 22?
22
Suppose 72 = a - t, 2*a = -3*a + t + 360. Let w be ((-3)/(a/(-136)))/((-2)/(-6)). Calculate the highest common factor of 221 and w.
17
Suppose -11*b + 25 = -6*b. Suppose -5*n = -b*a - 983 + 348, 0 = -2*n - 3*a + 279. Let u be 11 - 2/(1 + -3). What is the highest common factor of n and u?
12
Let v(z) = 17*z**3 + 5*z**2 - 4*z + 6. Let l be v(2). Calculate the greatest common factor of l and 126.
14
Let f be -3 - -9*(0 - 3). Let y = f - -50. Let g(r) = -22*r + 8. Let j be g(-6). Calculate the greatest common divisor of j and y.
20
Let x(p) = 3*p**2 + 15*p + 63. Let s be x(-12). What is the highest common factor of s and 35?
35
Suppose 9 + 21 = 5*w. Suppose 0 = w*d + 3*d - 63. What is the greatest common divisor of d and 63?
7
Suppose -40 = -0*n + 5*n. Let p be (-78)/(-18) - n/(-6). Let k(o) = 27*o**2. Let j be k(-1). What is the highest common divisor of j and p?
3
Let u(f) = 2*f**2 + 103*f + 747. Let l be u(-7). What is the highest common divisor of 1364 and l?
124
Let m = 935 - 775. What is the highest common factor of m and 10?
10
Suppose -5*k + 5*n = -45, 5*k + 2*n = 6*n + 46. What is the greatest common factor of 35 and k?
5
Suppose -3*b = 3*g - 84, 8 = 2*b + 2*b. Calculate the greatest common divisor of 962 and g.
26
Suppose 162*l - 152*l - 160 = 0. Calculate the greatest common divisor of 72 and l.
8
Let y = -20 + 25. Let m = 30 - 5. Suppose -2*j - 2*b + 11 = -j, -m = -y*b. Calculate the highest common factor of j and 9.
1
Let j be 128 + (0 - 5)*(44 + -45). What is the greatest common factor of 513 and j?
19
Let t be (-3 - 35/(-10))/((-2)/132). Let q be (-2)/(1 + t/27). What is the highest common divisor of 243 and q?
9
Suppose 77*b - 144 = 65*b. Let m = -10 - -14. Calculate the greatest common factor of b and m.
4
Let w(c) = c**3 + 5*c**2 - 8*c - 1. Let a be w(-7). Let y = 1 - a. Let g(k) = -10*k. Let p be g(-11). Calculate the highest common factor of p and y.
22
Suppose 0*w + 2*w - 1260 = -y, 0 = -2*w - 3*y + 1252. What is the highest common factor of w and 8?
8
Suppose -119 = -t - a, a + 0*a = -1. Suppose i - 5*i + 16 = 0. Suppose i*z - 5 = y - z, 11 = y - z. What is the highest common factor of t and y?
15
Let v be (20/(-6))/(4/18). Let k be (-9)/v + (-2)/(-5). Let j = -69 - -78. Calculate the greatest common factor of k and j.
1
Let r = -9 - -15. Suppose -r - 4 = -p. Let c = 3417 - 3412. What is the greatest common factor of c and p?
5
Let f = 86 - 31. Let c = 44 - 22. What is the highest common divisor of c and f?
11
Let w(d) = d**2 + 12*d - 43. Let s be w(-15). Suppose 0 = -5*k - 3*x + 74 + 23, -2*x - s = 0. Calculate the greatest common divisor of k and 160.
20
Suppose 3*w + 140 = 5*v + 2*w, 5*v = -2*w + 155. Calculate the highest common factor of v and 116.
29
Let h(j) = j**2 - 41*j - 223. Let i be h(46). What is the highest common divisor of 28 and i?
7
Let o be (-9 + 7)/((-2)/2). Let b be (-13 + 11)*o/(-4). Let u be (2 - b)*4 - -17. Calculate the highest common divisor of 7 and u.
7
Let i(d) = d**3 + 30*d**2 - 29*d + 61. Let z be i(-31). Let a = z - -41. What is the highest common factor of 80 and a?
40
Let b(q) = 6*q**2 - 9 + 0*q - 5*q - q**3 + q + 18*q. Let p be b(7). Calculate the highest common divisor of 5 and p.
5
Let s(f) = 4*f**2 - f. Let z be s(-1). Let k be 9*(15/z - 2). Calculate the greatest common factor of k and 63.
9
Suppose 2*n - 77 = 5*u, 149 = 5*n + 5*u - 26. Calculate the highest common factor of 84 and n.
12
Let f be ((-432)/7)/(23/(-161)). Calculate the greatest common divisor of 27 and f.
27
Suppose -3780 = -52*t + 45*t. What is the greatest common divisor of 20 and t?
20
Let v = 29 - 26. Suppose 6*z - 1312 = 2*z + v*y, 0 = -4*y. What is the highest common factor of 41 and z?
41
Let f(n) = n**3 - n**2 - 2*n + 429. Suppose -3*p + 0*m - 2*m = 2, 0 = -p - 3*m - 3. Let x be f(p). What is the highest common divisor of x and 39?
39
Let r(i) = 5*i + 13. Let b be r(4). Calculate the greatest common factor of 176 and b.
11
Let t(k) = -44*k - 101*k + 17*k. Let l be t(-4). Suppose -2*b - l = -6*b. Calculate the highest common divisor of b and 16.
16
Suppose c - 420 = -6*c. Suppose c*m - 96 = 59*m. Calculate the highest common factor of m and 64.
32
Suppose 0*g - 5*g + 75 = 0. Suppose -18*l + l = -2040. What is the greatest common factor of l and g?
15
Let u(f) be the first derivative of -f**3/3 + 3*f**2/2 + 3*f + 7. Let h be u(3). Suppose v + 0*v = h. What is the highest common divisor of 3 and v?
3
Let i be 2064/504 - (-2)/(-21). What is the highest common divisor of 46 and i?
2
Let w = 2 + 9. Suppose 0*p - 4*p = 428. Let y = 184 + p. Calculate the greatest common divisor of w and y.
11
Suppose -654 = -d - 38*i + 34*i, -4*d + 2532 = -5*i. What is the greatest common divisor of 22 and d?
22
Let h = 44 + -17. Suppose 6 = -u + 3, -4*y + u - 181 = 0. Let r = y - -64. What is the greatest common factor of r and h?
9
Let l(x) = 33*x + 512. Let n be l(-13). What is the greatest common divisor of 4 and n?
1
Let t = 81 + 10. Calculate the highest common divisor of t and 13.
13
Suppose -4*g + 2*b = -1560, 4*b + 1674 = 5*g - 273. What is the greatest common divisor of 17 and g?
17
Let s = -33 - -4. Let w = -15 - s. Suppose 5*o - 2 = 4*x - 374, 5*x - 2*o - 482 = 0. What is the highest common factor of w and x?
14
Let n(r) = 3 - 3 - 1 - r + 3. Suppose 4 - 10 = 2*t. Let a be n(t). What is the highest common divisor of a and 10?
5
Suppose 85*g - 83050 = -32475. Calculate the highest common factor of g and 70.
35
Suppose 3*o - 28 = -j, o = 2*j - 0*j. What is the greatest common divisor of o and 312?
8
Let x(b) = 2*b**2 + 4*b - 6. Let l be x(-5). Suppose 65*q + 42 = 72*q. Calculate the highest common divisor of q and l.
6
Suppose 2912 = 46*v - 33*v. What is the highest common divisor of v and 32?
32
Let i = 16 - 7. Let a be (-3 + 6/3)*243/(-1). Suppose a = 5*b - 2*h - 121, h = 4*b - 290. What is the greatest common divisor of b and i?
9
Suppose 57 = w + 5*r + 172, 488 = -5*w + 4*r.